2. Suppose -97*q = -99*q + 38. Calculate the greatest common factor of r and q.
19
Suppose 2*h + w - 156 = 4*w, 300 = 4*h - 3*w. Suppose 0 = -q + 27 - 18. Let l(m) = -2*m**2 + 19*m. Let k be l(q). What is the greatest common factor of h and k?
9
Let o(a) = -a**3 + 20*a**2 - 10*a + 22. Let u be o(15). Suppose 2034 = 4*r - 2*p, -2*r - 8*p = -5*p - u. Calculate the highest common factor of 22 and r.
22
Suppose 26*t - 2948 = -192. What is the greatest common factor of t and 16006?
106
Let l = 4267 + -4216. Calculate the highest common factor of 102 and l.
51
Suppose 2*f + 2896 = 2902, q = 4*f + 560. What is the greatest common divisor of 1196 and q?
52
Let v be 34 - (0 + -3 + 2). Let h(i) = -30*i + 1. Let d be h(-1). Suppose -u + 36 = d. Calculate the highest common factor of v and u.
5
Suppose -2*i - 4*i = -3*i. Suppose 8*b - 20*b + 4440 = i. Calculate the highest common divisor of b and 10.
10
Let h = -6751 + 12351. Calculate the greatest common divisor of 480 and h.
160
Let t(a) = -a**2 + 6*a + 3. Let c(i) = -i**2 + 3*i + 4. Suppose -4*o = 4 - 16. Let p be c(o). Let k be t(p). Calculate the highest common factor of 11 and k.
11
Let r = -1593 + 1695. Calculate the greatest common factor of 6 and r.
6
Let i = -278 + 278. Suppose 25*d - 29*d + 132 = -2*m, d - m - 31 = i. Calculate the highest common factor of d and 840.
35
Let o be -65*(278/(-45) - 2/9). Suppose -11*b + 9*b = 3*l - o, 409 = 3*l - 5*b. Calculate the greatest common factor of 69 and l.
69
Suppose -q - 1 = -0*q, 5*w - 128 = 3*q. Suppose 14*m = 167 - 657. Let k be m*(80/35 - 3). Calculate the highest common factor of w and k.
25
Let r be (-9)/((-4)/720*4). Suppose 5*z - 3*k + 8*k - r = 0, -z - 2*k + 84 = 0. Calculate the highest common factor of z and 39.
39
Let n = -1715 + 11564. Calculate the highest common factor of n and 49.
49
Suppose 21*p = 27*p - 36. Suppose 9*x - 780 = -p*x. Calculate the greatest common factor of 16 and x.
4
Let p be 4 - ((-8)/4 - -3). Suppose -7*u + p*u = -48. Calculate the greatest common factor of u and 30.
6
Suppose 335 = g + 3*q, -2*g + 666 = 2*q + 3*q. Let k be (4 - (20/5 - 1)) + 18. Calculate the greatest common factor of g and k.
19
Let d(j) = 7*j**2 + 117*j + 5. Let g be d(5). Calculate the highest common factor of g and 680.
85
Let t = -29 + 49. Suppose 17*l + 231 = t*l. Let q = 42 + -31. What is the greatest common factor of q and l?
11
Let h(o) = 7*o + 94. Let p be h(-13). Suppose -l - 17 = -3*l + s, l - p*s = 21. Calculate the highest common divisor of 222 and l.
6
Let o = -28 + 23. Let v be 1/(-2*o/40). Let t be 13 - v/((-8)/6). What is the highest common divisor of 128 and t?
16
Let r be (-67)/(-23) + (25 - 28) - (-1706)/46. What is the highest common divisor of 2479 and r?
37
Let u = 35220 - 34398. Calculate the highest common factor of u and 10138.
274
Let x(f) = -13*f - 33. Let s(y) = y. Let a(v) = -6*s(v) - x(v). Let k be a(-11). Let g = k + 104. What is the greatest common divisor of 45 and g?
15
Let x(i) = 2*i**2 + i + 13. Let k be x(10). Suppose -3*n + k = 181. What is the greatest common divisor of 112 and n?
14
Let w be 0 + (6/(-9) - 503/(-3)). Let x = -131 + w. Calculate the greatest common factor of x and 4.
4
Let l = -7801 + 11428. Calculate the highest common divisor of l and 62.
31
Let x be 3/((-3)/(-63)*3). Let l(s) = 10*s**3 + 2*s + 2. Let u be l(-2). Let q = 103 + u. What is the greatest common factor of q and x?
21
Suppose -2*t = -0*t - 370. Suppose -4*a + 34 + 1046 = 3*x, -3*a + 3*x = -789. Let b = -230 + a. Calculate the highest common divisor of t and b.
37
Suppose -2*t + 2735 = -3*l, -2*t - 5*l = -1191 - 1568. Let b be 1/(4/216) - 11/(-121)*-55. What is the highest common factor of t and b?
49
Let v be ((-98)/(-196))/((-1)/(-1078)). Calculate the greatest common divisor of v and 209.
11
Let s = -796 + 881. Let i be 261001/289 - 10/s. Calculate the highest common factor of 21 and i.
21
Let d(p) = -5*p - 52. Let s(w) = 24*w + 262. Let b(u) = 16*d(u) + 3*s(u). Let q be b(-8). Calculate the greatest common factor of 90 and q.
18
Suppose 2*o + 47 - 1 = 3*i, -2*i - 5*o = -56. Suppose -16*g + i*g = 704. What is the highest common divisor of 32 and g?
32
Let d = 10 + -11. Let v be 21 + 3 + 1 + d. What is the greatest common divisor of v and 216?
24
Let h = -3739 - -3758. Suppose -m = 2*m - 57. Calculate the greatest common factor of h and m.
19
Suppose -4*j - 5*m = -484, j + m + 0*m - 122 = 0. Suppose 475*q - 471*q = 2*h + 688, 2*h = 2*q - 352. What is the highest common divisor of j and q?
42
Suppose 215*l + 239*l = 474*l - 160. What is the greatest common divisor of 248 and l?
8
Suppose 1567*b = 1623*b - 336. What is the highest common divisor of 502 and b?
2
Suppose 6*c - 10558 = -8206. What is the highest common divisor of c and 18032?
392
Suppose 2*o - 5*u = 9, -o + 0*u + u = 0. Let c be -3 + 0/o + 10. What is the greatest common factor of c and 189?
7
Let z be -12*(-9)/(54/(-124)). Let y be z/(-64) - (-1)/8. Suppose -4*o - y*f + 318 = f, -4*f = 4*o - 316. What is the highest common divisor of o and 11?
11
Suppose 2*g - 2*a + 12 = -a, 0 = -g - 2*a - 16. Let y(v) = 6*v**2 + 8*v - 32. Let r be y(g). Calculate the highest common divisor of 36 and r.
36
Let m be -3*(-1)/(-5) + 38/5. Suppose 0 = m*a - 451 - 389. Calculate the greatest common divisor of a and 300.
60
Let h = -35 - -65. Let w be -1*((-43)/(2838/(-550)) - (7 - -1))*-810. What is the greatest common divisor of w and h?
30
Let r = -77 - -90. Let w(c) = c**2 - 25*c + 248. Let h be w(r). Calculate the highest common divisor of 69 and h.
23
Let t(z) = -z**3 + 15*z**2 + 4*z - 9. Let h be t(15). Suppose -h*s = -47*s - 24. Calculate the greatest common divisor of s and 126.
6
Suppose 85*k - 10 = 84*k + 3. Calculate the highest common factor of 8125 and k.
13
Let z = 1593 + -1644. Suppose 0 = 5*l + 20, -4*l - l = -3*m - 421. Let i = z - m. Calculate the highest common divisor of 12 and i.
12
Let l(v) = 2*v + 20. Let z = -11 - -11. Let d be l(z). Let u = 57 + -47. What is the highest common factor of d and u?
10
Let u be 0 + 345/10*(-58680)/(-108). Calculate the highest common divisor of u and 230.
115
Let u = 3958 - 3949. Calculate the highest common factor of 7173 and u.
9
Let k be 2*(0/(-3) - 45/(-2)). Let z be 54*(-27)/(-42) + 14/49. Suppose 2*j - 6*j + z = 5*s, 2*s - 31 = -5*j. What is the highest common divisor of j and k?
5
Suppose -7*n + 8 = -13. Suppose 4*s = n*u - 46, 0*s = -5*u + 5*s + 70. Let f be ((-36)/15)/((-4)/u). What is the greatest common divisor of f and 3?
3
Let o = 64 + -16. Let v = 1439 - 1215. Calculate the highest common divisor of o and v.
16
Let d be 4*(-2)/(-16)*(0 - 2). Let t be -3*((-3)/(-9))/(d - 0). Let n be t - -14 - (7 - (-9 - -12)). What is the greatest common factor of 176 and n?
11
Suppose -3*p + 18 = -2*z, -p - 19*z + 11*z = -58. Calculate the greatest common divisor of 98 and p.
2
Let r(d) = 55*d**2 - 582*d + 5773. Let g be r(10). What is the greatest common factor of g and 931?
133
Suppose d = 3*o + 647, -d - 3*o = -4*o - 629. Calculate the highest common factor of 3348 and d.
124
Let f be ((-26)/(-6) - -1) + 14/(-42). Suppose -r + h + 54 = 4*r, r - 3*h - 22 = 0. What is the greatest common divisor of r and f?
5
Suppose w = -3 + 1. Let n = w - -4. Suppose 0 = 3*g + 2*b + 2, -b + 1787 - 1814 = -5*g. What is the greatest common factor of n and g?
2
Let i(d) = d**3 + 7*d**2 + 2*d + 7. Let n be i(-7). Let m be 38*1 + (n - -2) + 7. What is the greatest common factor of m and 50?
10
Let r = 32 - 22. Suppose 25*k = -5*m + 22*k + 228, 0 = -4*m - 2*k + 182. Calculate the greatest common factor of m and r.
5
Let j(n) = 23*n**2 - 214*n + 14. Let v be j(10). What is the greatest common divisor of v and 10614?
174
Suppose -4*y + 1920 = 2*i, 0 = -4*i + 4*y + 2515 + 1289. What is the highest common divisor of i and 18?
18
Let m be (99/66)/((-3)/(-4)). Suppose -89*r + 320 = -84*r. Calculate the greatest common divisor of r and m.
2
Let o be 12207/10 + ((-1287)/(-130))/33. Calculate the greatest common divisor of 297 and o.
33
Suppose 11*d = 2807 + 757. Let i(p) = -3*p**2 - 44*p + 19. Let h be i(-15). Calculate the greatest common divisor of h and d.
4
Suppose 25 = 13*v - 8*v. Suppose 2*k - o = 6*k - 15, -v*k + 5*o = -50. Let b = 106 + -96. What is 